digit of d?
5
Let d = 961 - 679. What is the hundreds digit of d?
2
Let q = -5 - -8. Suppose q*f - 28 = -f. Suppose -58 = -5*z + f. What is the tens digit of z?
1
Let f(b) be the second derivative of b**4/4 + b**3/2 + 2*b**2 - 27*b. Let c(o) = o**3 - 2*o. Let q be c(-2). What is the units digit of f(q)?
0
Suppose 11*m - 16 = 3*m. Suppose -z = 1, m*f + f + 3*z = 435. What is the units digit of f?
6
Suppose 16 = 2*u + 4*h, -2*u + h = 6*h - 15. Suppose -12*f = -u*f. Suppose 4*y = -f*y + 180. What is the units digit of y?
5
Let r(k) = -k + 8. Let a be r(-6). Let l(m) = m**2 + 3*m - 4. Let g be l(-6). Let x = g + a. What is the units digit of x?
8
Let i(s) = -s**3 - 5*s**2 - s - 1. Let x be i(-6). Suppose -2*g + 89 = -x. Suppose 5*f + 4*l - g = 0, -f - 5*l + 0*l = -34. What is the units digit of f?
9
Let h = 1992 + 481. What is the tens digit of h?
7
Suppose 0 = 2*f - 6546 + 2676. What is the hundreds digit of f?
9
Let y(h) = -89*h - 1. Let m = 92 + -93. What is the tens digit of y(m)?
8
Suppose -224 = 8*q - 4*q. What is the units digit of (-12)/30*(q - -1)?
2
Let h(a) = 5*a**3 - 3*a**2 + 13*a + 4. What is the units digit of h(4)?
8
Let y(u) = 4*u - 1. Let m be y(1). Suppose 0*k + k - 2*i = 5, k - 5 = -m*i. What is the units digit of k?
5
Let t = -163 + 248. Let y = -34 + t. What is the tens digit of y?
5
Let n(d) = 229*d**2 + 5*d + 1. What is the tens digit of n(2)?
2
Suppose 5*i + 5*s = 3*i + 91, 5*i = -4*s + 236. What is the tens digit of ((-6)/8)/((-1)/i)?
3
Let t be (-25)/(-10) - 3/(-6). Suppose 0 = -2*n + t*n - 10. Let w = n + -8. What is the units digit of w?
2
Suppose 4*s - 21*r + 17*r = 2780, -3*s - r + 2093 = 0. What is the hundreds digit of s?
6
Let j = 1838 + 60. What is the tens digit of j?
9
Let n = -180 + 143. Let i = 151 - n. What is the hundreds digit of i?
1
Let h = 299 - 247. What is the units digit of h?
2
Let o = 109 + 14. What is the units digit of o?
3
Let o = -282 + 365. What is the units digit of o?
3
Let o(i) = -36*i + 180. What is the thousands digit of o(-39)?
1
Suppose -2*j = u - 166, 0*j - 4*j - 12 = 0. Let x = u + -91. Let o = -39 + x. What is the units digit of o?
2
Let d(v) = 28*v + 3. Let j be d(1). Suppose -5*z + 364 = -j. What is the units digit of z?
9
Let w(u) = -u**2 - 6*u + 3. Let d be w(-6). Suppose 0 = -5*p + 5*j + 40, -4*j - j - 20 = -p. Suppose -d = h - p. What is the units digit of h?
2
Let n(t) = 279*t - 253. What is the units digit of n(4)?
3
Let y = -17 + 24. Let t(c) = 5*c**2 - 13*c + 7. Let o(s) = -11*s**2 + 27*s - 15. Let u(l) = -4*o(l) - 9*t(l). What is the tens digit of u(y)?
1
Suppose -3*g - 4058 = -x, -4*x + 8*g + 16254 = 7*g. What is the tens digit of x?
6
Let j = -12 + 7. Let r(x) = x**2 - 2*x - 5. Let d(a) = -a**2 + a + 5. Let l(t) = j*d(t) - 6*r(t). What is the units digit of l(7)?
5
Suppose 3 = -5*f - 2*u + 26, 5*f - 27 = -3*u. What is the tens digit of f - -51 - -2 - -3?
5
Let p be (2/(-4))/((-1)/90). Let w = p - -6. What is the units digit of w?
1
Let k be (-24)/(-84) - 215/(-7). Let u be (-2)/4 - 5/(-2). Suppose u*l = v + l - k, -3*v + 5*l = -101. What is the units digit of v?
7
Let d be ((-18)/(-8))/((-27)/(-252)). What is the units digit of (13 - 1) + -25 + d?
8
Suppose 0*o = -3*o + 1143. What is the hundreds digit of o?
3
Suppose -26 = -n + 15. Let k = 79 - n. What is the units digit of k?
8
Suppose 0 = u - 0*u - 23. Suppose m = -m - 10, -2*n - u = m. What is the units digit of (3/n)/((-2)/132)?
2
Suppose 2*w = 4*o - 84, 2*o - 63 = -o + 5*w. Let s(x) = -x**3 + 19*x**2 + 45*x - 48. Let i be s(21). Suppose 2*r = i + o. What is the tens digit of r?
1
Let j = -19 + 7. Let o(h) be the first derivative of -h**4/4 - 13*h**3/3 - 13*h**2/2 + 13*h + 3. What is the tens digit of o(j)?
2
Suppose 3*o - 5*u - 1297 = 0, 890 = 2*o - 0*u + 3*u. What is the hundreds digit of o?
4
Let s = 47 - 184. Let l = s - -256. What is the units digit of l?
9
Suppose -3 = -2*i + 41. Suppose 5 + i = 5*y + 4*l, 0 = -4*l - 8. What is the units digit of y?
7
Let u be (-100)/(-15)*12/(-10). What is the units digit of 74 + u/4 + 6?
8
Suppose 12 = 3*u - 18. Suppose -2*p + 62 = u. What is the tens digit of p?
2
Suppose 282 = -4*s + 62. Let y = 81 + s. Suppose -9*d - y = -11*d. What is the units digit of d?
3
Suppose -23 = 6*z + 37. Let s be (20/(-7))/(z/35). Suppose s*u - 12 = 6*u. What is the units digit of u?
3
Suppose 0 = -2*z + 4*q - 62, -2*q - 30 = z - 3*q. Let u = z - -32. Suppose o + 5*m = 11, -42 - 71 = -u*o + 5*m. What is the units digit of o?
1
Suppose -4*w + 3003 = 17*w. What is the hundreds digit of w?
1
Let g be (0 - 1) + (0 - -5). What is the tens digit of (5 + g/(-2) + 39)*3?
2
Suppose v = 5*p + 2334, -233*v + p = -231*v - 4704. What is the hundreds digit of v?
3
Suppose 3*b - c = -b + 47, 5*b + c - 70 = 0. Suppose 9*o = b*o - 76. What is the tens digit of o?
1
Suppose 0 = -2*y + 5*l - 5, -5*y + 3*y - 3*l + 3 = 0. Suppose y = 4*h - 4*k - 92, 0 = -3*h - h + 5*k + 87. Let w = h + -7. What is the tens digit of w?
2
What is the units digit of 299/4 + (7 + -5)/8?
5
Let i(m) = 26*m**2 - 6*m + 65. What is the units digit of i(8)?
1
What is the thousands digit of 1709 + -2 + 4*(0 + -1)?
1
Suppose -14*t = -6*t - 6952. What is the hundreds digit of t?
8
Let x = 549 - -901. What is the units digit of x?
0
Let c(i) = -9*i. Let w be c(-2). Suppose -2*u = d + w, 2*d = 3*d + 5*u + 27. What is the units digit of d/54 - (-29)/9?
3
Let w = -64 - -74. Suppose 0 = 2*b - 2*j - w, 7*b + 4*j = 3*b - 4. What is the units digit of b?
2
Let l be -6 - -3 - (-8)/2. Let u be 63*l/((-1)/(-3)). What is the units digit of ((-6)/9)/((-6)/u)?
1
Let s be (4/(-8))/((-2)/16) - -1. Let g(m) = 39*m. Let y be g(1). Suppose -h - 5*t + y = 0, -2*h - s*t = -4*h + 48. What is the tens digit of h?
2
Let w = 1716 + -515. What is the units digit of w?
1
Suppose -k + 1289 = 57. What is the thousands digit of k?
1
Suppose 2*s = 5*p - 3*s - 530, 3*s + 6 = 0. What is the hundreds digit of p?
1
Suppose 8*u = -0*u + 2152. What is the units digit of u?
9
Let o(x) = 3*x**2 - 5*x + 1. Suppose 5*q + 10 = 0, -4*t - 8 = -5*t - 5*q. Suppose 2*r = -3*z - r + t, -4*z + r + 14 = 0. What is the tens digit of o(z)?
2
What is the tens digit of 3134 - (0 - 24)/2?
4
Suppose -5*u = -2*j - 2831, -5*j = 2*u - 875 - 240. What is the hundreds digit of u?
5
Let p(b) = b - 1. Let c(z) = 6*z - 16. Let j(m) = -c(m) + 5*p(m). Let u = -12 - -21. What is the units digit of j(u)?
2
Let h = 187 - 163. What is the units digit of h?
4
Suppose -3*m + 0*o - o = 36, -3*o = 2*m + 24. Let r be 320/m*3/(-2). Suppose 6*u - u = r. What is the units digit of u?
8
Suppose 5*c + 331 = 2*n, -5*n + 0*c + 2*c + 775 = 0. What is the units digit of n?
3
Let k be 8*(-1)/3*3. What is the units digit of 2/k + (-3553)/(-68)?
2
Suppose 5*d = 2*d. Suppose 2*h - 3 = g, -4*h + d = -16. Suppose 4*l - 2*x - 96 = -0*l, -g*x = 3*l - 85. What is the tens digit of l?
2
Suppose 2*r - 16 = -4*v, -2 = -3*r + v + 4*v. Suppose r*z - 3*w = -w + 106, -5*z = -w - 137. What is the units digit of z?
8
Let l be 1*(-2 - -6)*2. Suppose 14 = 3*t - 5*v, 3*t - 3*v - 4 = l. Suppose t*o - 245 = -2*o. What is the tens digit of o?
4
Let n(o) = 8*o + 58. Let y(c) = c**3 + 15*c**2 + 11*c - 33. Let b be y(-14). What is the tens digit of n(b)?
3
Let d(n) = -6*n**3 - 8*n**2 + 1. Let b(q) = -17*q**3 - 23*q**2 - q + 4. Let z(h) = 3*b(h) - 8*d(h). What is the tens digit of z(-2)?
1
Let j be (-395)/(-45) - (-4)/18. Suppose a - 40 = j. What is the units digit of a?
9
Let d = 29 - 27. Suppose d*q - 10 = q. Suppose 2*a + 3*z = 104, q*z = 3*a + 5*z - 175. What is the tens digit of a?
5
Suppose b - 17 = -2*z + 2*b, -4*b = -z + 19. Suppose 220 = -z*s + 3*s. What is the tens digit of (4 + s)/(2 - 3)?
5
Let g(b) = -b**3 + 13*b**2 + 11*b + 33. Let r be g(14). What is the hundreds digit of 2947/14 - (r/6 - -2)?
2
Let r(o) = o**3 - 6*o**2 + 7*o + 8. Let w be r(7). Suppose 14 + w = 2*v. What is the tens digit of v?
6
Let f(l) be the first derivative of 2*l**3/3 + 7*l**2 + 21*l - 7. What is the units digit of f(-9)?
7
Let i = 62 - 57. Suppose -i*x = -7*x + 68. What is the units digit of x?
4
Suppose t = -4*z + 202, z - 2*z - 5*t + 60 = 0. Let s be (-4)/(-10) + (-20)/z. Suppose 4*w = 3*d - 8, 5*w + s*d = d + 1. What is the units digit of w?
1
Let w(u) = -u